{"id":624,"date":"2023-02-19T19:21:16","date_gmt":"2023-02-19T19:21:16","guid":{"rendered":"http:\/\/stari.jerteh.rs\/?page_id=624"},"modified":"2024-03-19T09:55:53","modified_gmt":"2024-03-19T09:55:53","slug":"books","status":"publish","type":"page","link":"https:\/\/jerteh.rs\/index.php\/en\/books\/","title":{"rendered":"Books"},"content":{"rendered":"<ul>\n<li>Zoran Ristovi\u0107, <em><a href=\"https:\/\/cigoja.rs\/prodavnica\/jezik\/sedam-principa-korpusne-metodike-doba-novih-obrazaca-jezicke-pedagogije\/\">Sedam principa korpusne metodike : doba novih obrazaca jezi\u010dke pedagogije<\/a><\/em>, Beograd: \u010cigoja \u0161tampa, 2023. ISBN 978-86-531-0912-7<\/li>\n<li>Jelena Andonovski,\u00a0<em>Paralelni srpsko-nema\u010dki korpus knji\u017eevnih tekstova &#8211; izrada, pronala\u017eenje informacija i semanti\u010dki veb<\/em>, Beograd:\u00a0Univerzitetska biblioteka &#8220;Svetozar Markovi\u0107&#8221;, 2021.\u00a0(Biblioteka Homilije; knj. 7; Serija Biblio).\u00a0ISBN 978-86-7301-167-7<\/li>\n<li>Zoran Ristovi\u0107,\u00a0<em><a href=\"http:\/\/chigoja.co.rs\/konkordance_u_nastavi_stranih_jezika_zoran_ristovic\">Konkordance u nastavi stranih jezika: ka kona\u010dnom horizontu korpusne metodike<\/a>,<\/em> Beograd: \u010cigoja \u0161tampa, 2021. ISBN\u00a0978-86-531-0700-0<\/li>\n<li>Zoran Ristovi\u0107, <em><a href=\"http:\/\/chigoja.co.rs\/korpusna_metodika_nastave_stranih_jezika_zoran_ristovic\">Korpusna metodika nastave stranih jezika : kona\u010dni model<\/a>,<\/em> Beograd: \u010cigoja \u0161tampa, 2020. ISBN 978-86-531-0573-0<\/li>\n<li>Zoran Ristovi\u0107, <a href=\"http:\/\/chigoja.co.rs\/primena_visejezickih_elektronskih_korpusa_zoran_ristovic\"><em>Primena vi\u0161ejezi\u010dkih elektronskih korpusa u nastavi stranih jezika: ka zlatnom dobu digitalnog obrazovanja<\/em><\/a><em>,<\/em>\u00a0Beograd: \u010cigoja \u0161tampa, 2019. ISBN 978-86-531-0491-7<\/li>\n<li>Zoran Ristovi\u0107,\u00a0<em><a href=\"http:\/\/chigoja.co.rs\/primena_paralelizovanih_tekstova_u_nastavi_engleskog_jezika_zoran_ristic\">Primena paralelizovanih tekstova u nastavi engleskog jezika: ulazak u eru digitalnog obrazovanja<\/a><\/em>, Beograd: \u010cigoja \u0161tampa, 2018. ISBN 978-86-531-0392-7<\/li>\n<li>Aleksandra Trtovac,\u00a0<em>Pronala\u017eenje informacija u digitalnim bibliotekama<\/em>, Beograd:\u00a0Univerzitetska biblioteka &#8220;Svetozar Markovi\u0107&#8221;, 2017. (Biblioteka Homilije; knj. 4).\u00a0ISBN\u00a0978-86-7301-103-5<\/li>\n<\/ul>\n<ul>\n<li>Du\u0161ko Vitas, Ljubomir Popovi\u0107, Cvetana Krstev, Ivan Obradovi\u0107, Gordana Pavlovi\u0107-La\u017eeti\u0107, Mladen Stanojevi\u0107,\u00a0<em><a href=\"http:\/\/www.meta-net.eu\/whitepapers\/volumes\/serbian\" target=\"_blank\" rel=\"noopener\">The Serbian Language in the Digital Age &#8211; \u0421\u0440\u043f\u0441\u043a\u0438 \u0458\u0435\u0437\u0438\u043a \u0443 \u0434\u0438\u0433\u0438\u0442\u0430\u043b\u043d\u043e\u043c \u0434\u043e\u0431\u0443<\/a><\/em>, META-NET White Paper Series, Georg Rehm and Hans Uszkoreit (Series Editors), 2012. ISBN (13) 978-3-642-30754-6\u00a0<a href=\"https:\/\/plus.cobiss.net\/cobiss\/sr\/sr\/bib\/193468172\" target=\"_blank\" rel=\"noopener\">Borrow hard copy<\/a><\/li>\n<li>Cvetana Krstev,\u00a0<i>Processing of Serbian \u2013 Automata, Texts and Electronic dictionaries,\u00a0<\/i>Belgrade<i>:<\/i>\u00a0Faculty of Philology, University of Belgrade,\u00a0 2008.\u00a0<a href=\"https:\/\/plus.cobiss.net\/cobiss\/sr\/sr\/bib\/146708748\" target=\"_blank\" rel=\"noopener\">Borrow hard copy<\/a><\/li>\n<\/ul>\n","protected":false},"excerpt":{"rendered":"<p>Zoran Ristovi\u0107, Sedam principa korpusne metodike : doba novih obrazaca jezi\u010dke pedagogije, Beograd: \u010cigoja \u0161tampa, 2023. ISBN 978-86-531-0912-7 Jelena Andonovski,\u00a0Paralelni srpsko-nema\u010dki korpus knji\u017eevnih tekstova &#8211; izrada, pronala\u017eenje informacija i semanti\u010dki veb, Beograd:\u00a0Univerzitetska biblioteka &#8220;Svetozar Markovi\u0107&#8221;, 2021.\u00a0(Biblioteka Homilije; knj. 7; Serija Biblio).\u00a0ISBN 978-86-7301-167-7 Zoran Ristovi\u0107,\u00a0Konkordance u nastavi stranih jezika: ka kona\u010dnom&#8230;<\/p>\n<p class=\"continue-reading-button\"> <a class=\"continue-reading-link\" href=\"https:\/\/jerteh.rs\/index.php\/en\/books\/\">\u041f\u0440\u043e\u0447\u0438\u0442\u0430\u0458\u0442\u0435 \u0432\u0438\u0448\u0435<i class=\"crycon-right-dir\"><\/i><\/a><\/p>\n","protected":false},"author":1,"featured_media":0,"parent":0,"menu_order":0,"comment_status":"closed","ping_status":"closed","template":"","meta":{"footnotes":""},"class_list":["post-624","page","type-page","status-publish","hentry"],"_links":{"self":[{"href":"https:\/\/jerteh.rs\/index.php\/wp-json\/wp\/v2\/pages\/624","targetHints":{"allow":["GET"]}}],"collection":[{"href":"https:\/\/jerteh.rs\/index.php\/wp-json\/wp\/v2\/pages"}],"about":[{"href":"https:\/\/jerteh.rs\/index.php\/wp-json\/wp\/v2\/types\/page"}],"author":[{"embeddable":true,"href":"https:\/\/jerteh.rs\/index.php\/wp-json\/wp\/v2\/users\/1"}],"replies":[{"embeddable":true,"href":"https:\/\/jerteh.rs\/index.php\/wp-json\/wp\/v2\/comments?post=624"}],"version-history":[{"count":3,"href":"https:\/\/jerteh.rs\/index.php\/wp-json\/wp\/v2\/pages\/624\/revisions"}],"predecessor-version":[{"id":1063,"href":"https:\/\/jerteh.rs\/index.php\/wp-json\/wp\/v2\/pages\/624\/revisions\/1063"}],"wp:attachment":[{"href":"https:\/\/jerteh.rs\/index.php\/wp-json\/wp\/v2\/media?parent=624"}],"curies":[{"name":"wp","href":"https:\/\/api.w.org\/{rel}","templated":true}]}}