{"id":654,"date":"2023-02-20T10:22:09","date_gmt":"2023-02-20T10:22:09","guid":{"rendered":"http:\/\/stari.jerteh.rs\/?page_id=654"},"modified":"2023-02-20T10:22:09","modified_gmt":"2023-02-20T10:22:09","slug":"it-sr-ner-clarin-compatible-ner-and-geoparsing-web-services-for-parallel-texts-case-study-italian-and-serbian","status":"publish","type":"page","link":"https:\/\/jerteh.rs\/index.php\/en\/it-sr-ner-clarin-compatible-ner-and-geoparsing-web-services-for-parallel-texts-case-study-italian-and-serbian\/","title":{"rendered":"It-Sr-NER CLARIN compatible NER and geoparsing web services for parallel texts: case study Italian and Serbian"},"content":{"rendered":"\n<p><\/p>\n\n\n\n<p><strong>Call<\/strong>&nbsp;&#8220;Bridging Gaps &#8211; A Call for Expressions of Interest to Connect CLARIN to External Language Technology Tools&#8221; 2022<\/p>\n\n\n\n<p><strong>Project duration<\/strong>: 1.6.2022-30.9.2022.<\/p>\n\n\n\n<p><strong>Project leader<\/strong>: Olja Peri\u0161i\u0107, Universit\u00e0 degli Studi di Torino, Dipartimento di Lingue e Letterature Straniere e Culture Moderne, Italy<\/p>\n\n\n\n<p><strong>Project team<\/strong>&nbsp;includes also members of Jerteh &#8211; Society for Language Resources and Tools, Serbia Du\u0161ko Vitas, Ranka Stankovi\u0107, Milica Ikoni\u0107 Ne\u0161i\u0107 Contributors also: Cvetana Krstev, Sa\u0161a Moderc, Mihailo \u0160kori\u0107.<\/p>\n\n\n\n<p><strong>Main goal<\/strong>: development of the CLARIN compatible NER web service for parallel text with case study on Italian and Serbian, dubbed It-Sr-NER. Service could be used for recognizing and classifying named entities in bilingual natural language texts. Input would be parallel texts expected to be TMX (Translation Memory eXchange) file, e.g. Sr-It. It-Sr-NER would recognize six NER classes: demonyms (DEMO), works of art (WORK), person names (PERS), places (LOC), events (EVENT) and organisations (ORG). Although primarily developed for aligned, parallel texts in TMX, the use of the service for monolingual text NER annotation for available spaCy NER models will be possible. It-Sr-NER uses a powerful Convolutional Neural Network architecture within the spaCy tool.<\/p>\n\n\n\n<p><strong>Github page<\/strong>:  <a href=\"https:\/\/github.com\/rankastankovic\/It-Sr-NER\/\">https:\/\/github.com\/rankastankovic\/It-Sr-NER\/<\/a>  <\/p>\n\n\n\n<p><strong>Project resources: <a href=\"https:\/\/github.com\/rankastankovic\/It-Sr-NER\/tree\/main\/corpus\">https:\/\/github.com\/rankastankovic\/It-Sr-NER\/tree\/main\/corpus<\/a> <\/strong><\/p>\n\n\n\n<p><strong>It-Sr-NER Web application and service:&nbsp;<\/strong><a href=\"http:\/\/ners.jerteh.rs\/\">http:\/\/ners.jerteh.rs\/<\/a><\/p>\n\n\n<p><!--StartFragment--><\/p>\n\n\n<p><strong><a href=\"https:\/\/dspace-clarin-it.ilc.cnr.it\/repository\/xmlui\/handle\/20.500.11752\/OPEN-980\">Corpora in the ILC4CLARIN repository<\/a><\/strong><\/p>\n\n\n\n<p><strong><a href=\"https:\/\/dspace-clarin-it.ilc.cnr.it\/repository\/xmlui\/handle\/20.500.11752\/OPEN-981\">App <\/a><em><a href=\"https:\/\/dspace-clarin-it.ilc.cnr.it\/repository\/xmlui\/handle\/20.500.11752\/OPEN-981\">It-Sr-NER<\/a><\/em><a href=\"https:\/\/dspace-clarin-it.ilc.cnr.it\/repository\/xmlui\/handle\/20.500.11752\/OPEN-981\"> in repository&nbsp;ILC4CLARIN<\/a><\/strong><\/p>\n\n\n<p><!--EndFragment--><\/p>\n<p><\/p>\n\n\n<figure class=\"wp-block-image is-resized\"><img loading=\"lazy\" decoding=\"async\" src=\"https:\/\/jerteh.rs\/wp-content\/uploads\/2022\/10\/thumbnail_IMG_20220914_135146-1024x768.jpg\" alt=\"Belgrade Workshop, September 2022\" class=\"wp-image-2384\" width=\"512\" height=\"384\"\/><figcaption class=\"wp-element-caption\">\u0420\u0430\u0434\u0438\u043e\u043d\u0438\u0446\u0430 \u0443 \u0411\u0435\u043e\u0433\u0440\u0430\u0434\u0443<\/figcaption><\/figure>\n\n\n<p><!--EndFragment--><\/p>\n<p>Project presentation at the JeRTeh seminar &#8211; 20.10.2022 &#8220;It-Sr-NER: CLARIN compatible NER and geoparsing web services for parallel texts: case study Italian and Serbian&#8221; &#8211; Olja Peri\u0161i\u0107, Universit\u00e0 degli Studi di Torino&nbsp;and JeRTeh team&nbsp;<a href=\"https:\/\/jerteh.rs\/wp-content\/uploads\/2022\/10\/Id-Sr-NER-Jerteh-seminar-presentation.pdf\">[pdf]<\/a><\/p>\n<p><a href=\"https:\/\/jerteh.rs\/?p=2456\">Press clipping (in Serbian) &#8211; Politika<\/a><\/p>","protected":false},"excerpt":{"rendered":"<p>Call&nbsp;&#8220;Bridging Gaps &#8211; A Call for Expressions of Interest to Connect CLARIN to External Language Technology Tools&#8221; 2022 Project duration: 1.6.2022-30.9.2022. Project leader: Olja Peri\u0161i\u0107, Universit\u00e0 degli Studi di Torino, Dipartimento di Lingue e Letterature Straniere e Culture Moderne, Italy Project team&nbsp;includes also members of Jerteh &#8211; Society for Language&#8230;<\/p>\n<p class=\"continue-reading-button\"> <a class=\"continue-reading-link\" href=\"https:\/\/jerteh.rs\/index.php\/en\/it-sr-ner-clarin-compatible-ner-and-geoparsing-web-services-for-parallel-texts-case-study-italian-and-serbian\/\">\u041f\u0440\u043e\u0447\u0438\u0442\u0430\u0458\u0442\u0435 \u0432\u0438\u0448\u0435<i class=\"crycon-right-dir\"><\/i><\/a><\/p>\n","protected":false},"author":1,"featured_media":0,"parent":0,"menu_order":0,"comment_status":"closed","ping_status":"closed","template":"","meta":{"footnotes":""},"class_list":["post-654","page","type-page","status-publish","hentry"],"_links":{"self":[{"href":"https:\/\/jerteh.rs\/index.php\/wp-json\/wp\/v2\/pages\/654","targetHints":{"allow":["GET"]}}],"collection":[{"href":"https:\/\/jerteh.rs\/index.php\/wp-json\/wp\/v2\/pages"}],"about":[{"href":"https:\/\/jerteh.rs\/index.php\/wp-json\/wp\/v2\/types\/page"}],"author":[{"embeddable":true,"href":"https:\/\/jerteh.rs\/index.php\/wp-json\/wp\/v2\/users\/1"}],"replies":[{"embeddable":true,"href":"https:\/\/jerteh.rs\/index.php\/wp-json\/wp\/v2\/comments?post=654"}],"version-history":[{"count":1,"href":"https:\/\/jerteh.rs\/index.php\/wp-json\/wp\/v2\/pages\/654\/revisions"}],"predecessor-version":[{"id":655,"href":"https:\/\/jerteh.rs\/index.php\/wp-json\/wp\/v2\/pages\/654\/revisions\/655"}],"wp:attachment":[{"href":"https:\/\/jerteh.rs\/index.php\/wp-json\/wp\/v2\/media?parent=654"}],"curies":[{"name":"wp","href":"https:\/\/api.w.org\/{rel}","templated":true}]}}